 -4*p + 15*p**2 + 4*p**s - 20*p**2. Determine q(-5).
-5
Let h = -7 + 3. Let u(g) be the third derivative of -g**4/24 - g**3/3 - 3*g**2 + 15*g. Determine u(h).
2
Let s(v) be the third derivative of v**4/24 - v**3/2 + 10*v**2 + 12. Suppose -3 = -f + 1. Give s(f).
1
Let d(y) = -7*y**2 + 5*y + 7. Let q be (-44)/33*(-9)/(-2). Let h(w) = 6*w**2 - 4*w - 6. Let b(m) = q*h(m) - 5*d(m). What is b(-4)?
-11
Suppose 4*d - 3*d = -2*m - 5, 0 = -3*d - 4*m - 9. Suppose 35*x - 40*x = -15. Let i(a) = -3 - 1 - 2*a**2 - 3*a**x + 5. Give i(d).
-4
Let v(o) = 14*o - 9. Let s(d) = 10*d - 20*d - 3 + 15*d. Let f(p) = -11*s(p) + 4*v(p). Calculate f(4).
1
Let z(u) = u + 1. Let c(p) = p - 4. Let k be c(5). Let o(q) = -3*q**2 - q. Let x be o(k). Give z(x).
-3
Let b(m) = -12*m - 8. Let v(t) = 19*t + 12. Let f(r) = 8*b(r) + 5*v(r). What is f(-5)?
1
Suppose 0 = -19*n + 10 - 10. Let i(r) = -r**2 - 5*r + 7. Give i(n).
7
Let i(o) be the second derivative of -o**3 + 2*o**2 + o + 11. What is i(0)?
4
Let y be ((-2)/6)/((-123)/(-126) - 1). Let a(t) = t**3 - 15*t**2 + 13*t + 2. Let m be a(y). Let p(o) = o + 10. Determine p(m).
-2
Let j(n) = n**3 - n + 22. Let t be j(0). Suppose -14 = -14*d + 12*d. Let p be d/21 - t/3. Let i(x) = x + 4. Give i(p).
-3
Let g(n) be the third derivative of -n**6/120 - n**5/60 - n**4/24 + 4*n**3/3 + 2*n**2 - 64. What is g(0)?
8
Suppose -3*a = -5*v - 81, 2 = 3*a - 2*a. Let b = v + 11. Let d(i) = 5*i**2 + 5*i + 7. Let u(x) = 14*x**2 + 14*x + 20. Let t(j) = 17*d(j) - 6*u(j). What is t(b)?
11
Suppose 7 - 1 = 3*s. Let f(c) = 4*c**2 + 2 - 2*c**3 + 0*c**2 + c - 5*c**2 - c**s. Let x(p) = -p**3 + p - 2. Let a be x(0). Determine f(a).
8
Let u(v) = -11*v**2 + 20*v - 13. Let k(q) = -4*q**2 + 6*q - 5. Let g(z) = -8*k(z) + 3*u(z). Give g(11).
12
Suppose 63 = 445*l - 454*l. Let c(b) = -b**2 - 5*b + 10. Determine c(l).
-4
Let d(k) = -k**2 - 4*k - 3*k - 3 + 4*k. Let s = 105 - 110. Calculate d(s).
-13
Let o(a) = -12*a - 69. Let w be o(-5). Let q(r) = -2*r - 10. Determine q(w).
8
Suppose 28 = -2*i - 0*i. Let c be i + 12 - (1 - -1). Let b(a) = -5*a - 1. Give b(c).
19
Let p(m) = -m**2 + 18*m + 67. Let d be p(21). Let s(b) = -2*b**3 - 5*b**2 + b. Let q(f) = -3*f**3 - 5*f**2 - 1. Let k(j) = -3*q(j) + 4*s(j). What is k(d)?
3
Let i = -18 - -14. Let v(u) = 3 - 14 + 7 - 3*u - u**2 + 7. Give v(i).
-1
Let m(o) be the third derivative of -o**7/1008 - o**6/720 + o**5/30 - 2*o**2. Let b(z) be the third derivative of m(z). Calculate b(-1).
4
Let v(m) = m**2 - 1041*m - 1 + 2 + 1042*m. Calculate v(-2).
3
Let p be 3 + 1*(1 + -1). Suppose -3*f = p*v + 2*v - 60, v - 30 = 3*f. Suppose -4*q - 43 + v = 0. Let l(h) = h**2 + 6*h + 3. What is l(q)?
10
Let j(s) be the second derivative of 0 + 1/6*s**3 - 7*s + 7/2*s**2. Determine j(-6).
1
Let k(c) = 34*c**2 + c. Let a be k(1). Suppose 4 = a*x - 37*x. Let y(b) be the third derivative of -b**6/120 - b**5/20 - b**4/24 - b**3/6 - b**2. Give y(x).
-3
Let m(j) = -3*j - 2. Suppose -201 = 4*v + 3*t - 4*t, -5*v - t - 249 = 0. Let f = v - -48. What is m(f)?
4
Let z(w) = -7*w - 1. Let m be z(-1). Suppose -2*p + 4 + m = 0. Suppose 2 = -n - j - 7, -p*n + 2*j = 24. Let c(l) = -l**2 - 7*l + 5. Determine c(n).
11
Let k(h) = -380*h + 6*h**2 + 378*h - 5 + 3. Calculate k(-1).
6
Let a(c) = -10 - 2*c + 200*c**2 + 198*c**2 - c**3 + 198*c**2 - 605*c**2. Give a(-9).
8
Let n(a) = 5*a**3 - 8*a**2 + 16*a + 19. Let y(x) = -6*x**3 + 7*x**2 - 20*x - 21. Let t(q) = -5*n(q) - 4*y(q). Calculate t(12).
-11
Let d = -983 - -983. Let x(f) be the third derivative of 0 - 2*f**3 - f**2 - 1/24*f**4 + 0*f. What is x(d)?
-12
Let b(c) = c**3 + 3*c**2 - 3*c - 1. Let p(v) = v**3 - 8*v**2 - 7*v - 21. Suppose 40 + 14 = 6*a. Let t be p(a). What is b(t)?
8
Let r(f) = -2*f - 5. Let s(x) = 3*x + 4. Let z(o) = 4*r(o) + 3*s(o). Let t be z(8). Let h(c) = c - 14. Give h(t).
-14
Let d(y) be the second derivative of -5*y**4/12 + 23*y**3/3 - 5*y**2 + 818*y. Determine d(9).
-1
Let b(w) = -3 + 2*w**2 - w + 9*w**2 - 6*w**2 - 4*w**2. Let p be 0/((1 + -3)*-1). Suppose p*q = -2*q + d + 5, q + 3*d = -15. Determine b(q).
-3
Let z be 2 - (5 + -16) - (-5 - -8). Let b(t) = t**3 - 9*t**2 - 12*t - 5. What is b(z)?
-25
Let q(j) = 4*j - 1 - 5*j + 2*j**2 - 1. Suppose -63*p + 12 = -57*p. Calculate q(p).
4
Let g = -284 - -274. Let l(i) = i**2 + 7*i - 26. Calculate l(g).
4
Let s = 2 + 2. Suppose -s*z = -z - 6. Suppose -m - 10 = l, m + 20 = z*l - 5*l. Let u(b) = -b + 5. Give u(m).
10
Let m(z) = -z - 8. Suppose 0 = 4*w - t + 7, -5*t + 0 + 1 = -3*w. Let i be w/(-10) + 5/(-50)*-58. Calculate m(i).
-14
Let j(o) = -537 + 83*o - 84*o + 518. Calculate j(-20).
1
Let m(v) = v**3 + 4*v**2 - 7*v - 7. Suppose 4 - 7 = -g. Let a(d) = -d - 2. Let f be a(g). Calculate m(f).
3
Let t(w) = -w + 26 + 2*w**2 - 46 + 12 + 11 - 2*w. Give t(2).
5
Let d(r) be the second derivative of -r**3/6 + 11*r**2/2 + 2*r + 163. What is d(-8)?
19
Let d(n) = -6*n**2 - 2*n - 1. Let f be 12/30 + (-54)/(-15). Suppose s = -3*w - 2, 2*s - 2 = f*w + 4*s. Calculate d(w).
-5
Let m(s) = s**2 + 7*s - 8. Let r be 16/((-5)/2 + (-12)/(-24)). Determine m(r).
0
Let l(s) = s**3 + 6*s**2 + 2*s + 10. Let v be l(-6). Let f = v + 9. Let t(g) = -g + 5. Give t(f).
-2
Let f(b) be the third derivative of 1/8*b**4 + 3/2*b**3 + 0*b + 2*b**2 + 0. Suppose -y + 5*o - 16 = 0, 0*o + o = 3*y + 20. Give f(y).
-9
Suppose 785 = 75*s - 640. Let r(f) = -f**2 + 18*f + 6. Calculate r(s).
-13
Let v(m) = 5*m**2 + 1. Let i(x) = -x**2 - x + 6. Let b be i(0). Let o = 213 + -218. Let l = o + b. Calculate v(l).
6
Let w be 1/6*9*2. Let b(l) = -w + 3 - l. Let i(p) = -2*p - 8. Let x be i(-7). Calculate b(x).
-6
Let y(w) = 2*w**3 - w - 3. Let v(o) = 6*o**3 - 3*o - 10. Let c(d) = 2*v(d) - 7*y(d). Let h(r) = -r**3 + r**2 + r. Let q(z) = -c(z) + 3*h(z). Give q(4).
-9
Let z = -2323 - -2320. Let m(o) = -o**2 - o + 1. Let h(g) = 3*g**2 - g - 5. Let u(c) = -h(c) - 4*m(c). What is u(z)?
-5
Suppose 5*f = -o + 1 - 10, -3*f = 2*o + 11. Let q(r) = -r**2. Let c(m) = -m**3 + 7*m**2 - 6*m - 3. Let h(v) = f*q(v) + c(v). Determine h(7).
4
Let f(n) = -15*n - 3 - 6 + 2 + 12*n + 4*n. Give f(4).
-3
Let h(q) = q + 7. Suppose 0 = 2*c + 3*c + 4*f + 139, -4*f + 50 = -2*c. Let l = 16 + c. Let n be h(l). Let x(i) = i**2 + 5*i + 4. Determine x(n).
0
Let n(t) be the first derivative of -t**3/6 - 6*t**2 - 5*t - 3. Let l(q) be the first derivative of n(q). What is l(-6)?
-6
Let b(w) = w**3 - 4*w**2 - 2*w + 6. Let x be b(4). Let k(i) be the second derivative of i**4/12 + i**2/2 + 99*i - 1. Determine k(x).
5
Let y = 0 + -8. Let a = 2 + y. Let r(k) = 32 - 12 - k - 18. Give r(a).
8
Let d be ((-31)/1)/(-2 + 1). Let k = d - 36. Let n(u) = 14 - 4*u + 3*u - 7. Give n(k).
12
Let q(p) be the third derivative of -p**7/2520 + p**6/120 - p**5/40 - 49*p**4/24 - 59*p**2. Let g(w) be the second derivative of q(w). What is g(4)?
5
Let w = -238 + 242. Let b(u) = 6 + 0*u - 2*u + u - 2*u. Give b(w).
-6
Suppose 89*h + 90 = 59*h. Let g(q) = 2*q**2 + q - 3. Determine g(h).
12
Let k(z) = -2*z**2 - 3*z - 3. Suppose -3*m + 2 + 4 = 3*o, -3*o - 24 = -2*m. Suppose 7*i = m*i + 6. Let x be i/(-12)*(3 + 1). Determine k(x).
-5
Suppose 2*i - 10 - 8 = 0. Let l(f) = -f**3 - 17*f**2 - i - 18*f**2 + f + 28*f**2 - 4*f. Calculate l(-7).
12
Let g(m) = m**2 + 8*m - 2. Let n = -224 + 215. What is g(n)?
7
Let i(p) = -2*p + 3. Let j(g) = -9*g + 14. Let n(f) = 5*i(f) - j(f). Determine n(3).
-2
Let z(d) = d**3 - 10*d**2 - 120*d + 12. Let k be z(17). Let o(a) = 0*a**2 - 2 + 7*a + 4 + a**2. Give o(k).
-8
Let w(u) = 16*u**2 - 43*u + 13. Let k(o) = -6*o**2 + 15*o - 5. Let n(l) = 11*k(l) + 4*w(l). Calculate n(-5).
-18
Let o(c) = 4*c + 2. Let j(l) = 14*l**2 + l + 4. Let d(q) = 7*q**2 + 2. Let x(i) = -9*d(i) + 4*j(i). Let a be x(1). Calculate o(a).
-18
Suppose -4*x = -3*x - 4. Let j(l) = -l + 6. Let y(o) = -1. Let b = 11 - 5. Let r(v) = b*y(v) + j(v). Determine r(x).
-4
Let n(s) = s**3 + 6*s**2 + 5*s - 4. Let k(t) = t**3 - 6*t + 4 - 2*t - 7*t**2 - 5*t + t. Let c be k(8). Let j = c - -23. Give n(j).
-4
Let j(b) = 11*b**3 - b**2 + 12*b - 6. Let h(p) = -2*p**3 + 2*p**2 - p + 1. Let v(k) = -5*h(k) - j(k). What is v(-8)?
-7
Let n(t) = -9 - 8 + t - 6 + 16. Let o be ((-4)/(-12))/(2/54). Determine n(o).
2
Let c(w) = -w + 5. Let q(k) = 2*k + 13. Let i be q(-5). Let s(y) = -2*y**2 + 3*y + 4. Let f be s(i).